6*4/m.
2
List the prime factors of -1 + 2 - (-2 - 17).
2, 5
Suppose -2*w + 15 = -7*w, -z = 2*w + 3. List the prime factors of (z/6)/(1/8).
2
Let p be 0/(0 + -3) + -2. Let g(x) = -5*x**3 - 3*x**2 - x - 1. What are the prime factors of g(p)?
29
Let u = -64 + 98. List the prime factors of u.
2, 17
Let f be 1/((-4)/(-2))*36. Let s be 0/(-2 - -1) + 25. Let x = s - f. List the prime factors of x.
7
Suppose 4*p = 24 - 8. List the prime factors of 6/(-4)*p/(-2).
3
Let c = -3 + 6. Suppose 0 = -4*g - c*y + 30, -g - 4*y = 3*g - 28. List the prime factors of g.
3
Let i(y) = y**3 + 10*y**2 - 11*y - 14. Let w be i(-11). What are the prime factors of 35/2 + (-7)/w?
2, 3
Let n = -5 + 12. List the prime factors of n.
7
Let a = -5 + 9. Suppose 4*b - j + 3*j = 26, a*b - 29 = -3*j. Suppose h = -0*h + b. What are the prime factors of h?
5
Let z be (-112)/(-18) - (-12)/(-54). Let u = z - 4. List the prime factors of u.
2
Let c(m) = m - 7. Let j be c(10). Suppose -3*h = x + 6, j*x + 3*h = -25 - 17. List the prime factors of 24/x*30/(-4).
2, 5
Let p(j) = -j**3 - 4*j**2 + 5*j - 6. Let x = -18 + 12. List the prime factors of p(x).
2, 3
Let a = 28 - 6. Suppose -6*s = 3*s - 27. Suppose s*g + a = 67. List the prime factors of g.
3, 5
Let m(x) = 3*x + 1. Let w be m(-1). List the prime factors of (-8)/w*(5 - 1).
2
Let h(x) = -x**3 + 9*x**2 - 5*x - 4. List the prime factors of h(8).
2, 5
Let z = -9 + 11. What are the prime factors of (z/3)/(10/195)?
13
Suppose -i + 130 = 4*z - z, 3*i + 226 = 5*z. Suppose -5*b + 6 + z = 0. List the prime factors of b.
2, 5
Let k = 282 + -186. List the prime factors of k.
2, 3
Suppose 6*s - 630 = -s. List the prime factors of s.
2, 3, 5
Let x(s) = -20*s - 3*s**2 + 4*s**2 + 18*s - 5. Let z be x(-5). List the prime factors of (3/1)/(5/z).
2, 3
Let a(j) = 4*j + 6. What are the prime factors of a(10)?
2, 23
Let d = -141 - -173. What are the prime factors of d?
2
What are the prime factors of (-44)/(-2)*(8 + -1)?
2, 7, 11
Suppose -4*t + 127 = g, -t = 3*t - 5*g - 133. List the prime factors of t.
2
Let p(r) = r + 1. Let i(n) = n**3 + n**2 + n + 8. Let h be i(0). Let v be 2/h + (-22)/(-8). List the prime factors of p(v).
2
Let y be (0 + 1 + -1)*1. Suppose y = -2*h + 14 - 0. List the prime factors of h.
7
Suppose 2*h = 3*v + 7, -3*v + 20 - 5 = 0. Suppose -b - h = -2*b. What are the prime factors of b?
11
Let k(b) = 2*b**2 - b - 1. Let u be k(-2). Let t = u - 7. Suppose -4*d = 2*n - 5*n - 15, 4*d + t*n - 30 = 0. What are the prime factors of d?
2, 3
Suppose 4*b = -0*b - 4*c + 420, 0 = 2*b - 3*c - 200. Let x = b + -70. List the prime factors of x.
3, 11
Let i(o) = -o**2 + 12*o - 11. Let t be i(10). Suppose -1 = 2*y - t. Suppose y*x - 25 = 3. List the prime factors of x.
7
Suppose 0*s = 3*s. Suppose -5*v + 0*v = s. Suppose v*b = -4*b + 44. What are the prime factors of b?
11
Let v(x) = 15*x + 3. List the prime factors of v(5).
2, 3, 13
Suppose 4*r - 5 = -1. What are the prime factors of (1/((-1)/(-9)))/r?
3
Let l = -8 + 21. Suppose 8 = -o + 4*b, -o + 2*o + 3*b = l. List the prime factors of o.
2
Suppose -4*l + 25 = l. Suppose -187 = -l*w - 4*q + 11, -2*q + 4 = 0. List the prime factors of w.
2, 19
Suppose 60 = 3*o - o. Suppose -2*r = 2*r + 2*m - 8, 2*m + 20 = 3*r. Suppose r*h + 2 = o. List the prime factors of h.
7
Suppose 2*n + 0*v = -5*v + 39, 0 = -3*n + 5*v + 21. Let t be (-3)/n + (-114)/(-8). What are the prime factors of ((-12)/14)/((-2)/t)?
2, 3
Let b(w) = -w + 1. Let t be b(-1). Let l be -1*(5 - (-1 + t)). Let x = 8 + l. List the prime factors of x.
2
Suppose -w - 2*t + 57 = 0, -2*w - t + 120 = -0*w. Suppose 2*v - w + 7 = 0. Suppose v = g + g + c, -c + 51 = 4*g. What are the prime factors of g?
2, 3
Let k(y) = 3*y**3 - 3*y**2 + 4*y - 2. Let t be k(2). Let g = t + -10. What are the prime factors of g?
2
Let h = 23 - -16. List the prime factors of h.
3, 13
Let x = 0 + -1. Let n be (-3)/(-12) + (-22)/(-8). Let h = x + n. List the prime factors of h.
2
Suppose 0*l = 4*l - 40. What are the prime factors of l?
2, 5
Let a = -2 + 5. Suppose 0 = t - 6 + a. What are the prime factors of t?
3
Let n(h) = h**3 - 2*h**2 - 5*h - 3. Let f be n(4). Let g(x) = 2 + f*x**2 - 6*x + 2 - 3 - x**3. What are the prime factors of g(8)?
17
Let r be ((-10)/(-4))/((-1)/(-6)). What are the prime factors of (-10)/r*(-39)/2?
13
Let f(t) = -8*t**3 - t - 1. Suppose -3*a - 3*d + d - 1 = 0, 0 = 3*a + d - 1. Let u be (0 - (0 + 1))/a. List the prime factors of f(u).
2
Suppose 0*m + 87 = 4*o + 3*m, 10 = 2*m. Let w = 8 + -1. Let b = o - w. What are the prime factors of b?
11
Let b be -1 + 5 + (-6)/3. Let m be (b + 1*10)/(-1). What are the prime factors of (-27)/m - (-2)/(-8)?
2
Suppose -r + 6*r + 225 = 0. Let g = -29 - r. List the prime factors of g.
2
Let y(g) = -g + 1. Suppose -5*d - 4*c + 10 = 0, -5*d = -0*d + 3*c - 5. Let o be y(d). Suppose -4*n + 11 = -o*n. What are the prime factors of n?
11
Let r(i) be the third derivative of 7*i**4/8 + 5*i**2. What are the prime factors of r(1)?
3, 7
Suppose 61 = 4*l + 5. What are the prime factors of l?
2, 7
Let g(j) be the third derivative of -j**6/120 + j**5/20 + j**4/12 + j**3/2 + 4*j**2. What are the prime factors of g(-2)?
19
Let b(f) be the first derivative of -f**3/3 - f**2 - 3*f + 3. Let i be b(3). What are the prime factors of (i/(-15))/((-9)/(-30))?
2
Let t(k) be the first derivative of 2*k**3/3 - 3*k**2 - 6*k - 8. List the prime factors of t(5).
2, 7
Suppose -31*x + 375 = -26*x. What are the prime factors of x?
3, 5
Let d(a) = -a**3 + 13*a**2 - a + 16. Let h be d(13). What are the prime factors of -1*(-3)/3*h?
3
Let i = -62 - -181. Suppose -4*l + 2*v = -0*v - 122, -3*l + i = 4*v. List the prime factors of l.
3, 11
Let s = 36 - 9. What are the prime factors of s?
3
Let p be 3/6 - 21/6. Let a = -1 - -4. Let r = a - p. List the prime factors of r.
2, 3
Let j = 14 + 57. List the prime factors of j.
71
Let b(w) = w**2 + 3*w - 7. Let i be b(-5). Suppose -5*g - 33 = -3*p, -i*g = 5*p + 51 - 4. Let h(c) = -c + 4. List the prime factors of h(g).
13
Let v(o) = o**2 - 4*o - 17. List the prime factors of v(-7).
2, 3, 5
Let x(o) be the third derivative of o**6/60 - o**4/12 + o**3/3 - 3*o**2. Let a = -3 + 5. List the prime factors of x(a).
2, 7
Let v(y) = 2*y**3 - 2*y**2 + 1. Let i be v(1). Suppose -10 = -0*m - 5*m. What are the prime factors of (1 + i)/m*9?
3
Let x = -163 - -324. What are the prime factors of x?
7, 23
Let a(d) = -d**3 + d**2 + d + 30. Let s be a(0). Suppose -s + 101 = 4*f + g, -3*g = 5*f - 87. What are the prime factors of f?
2, 3
Let h = 95 + 87. List the prime factors of h.
2, 7, 13
Let l = 109 + 11. What are the prime factors of l?
2, 3, 5
Let j be -4 - (1*-2 - -4). Let a = -1 - j. What are the prime factors of a?
5
Suppose 10 = -0*z + 2*z. Suppose -3*j = -4*l - 0*l - 24, -5*j - 5*l + z = 0. Suppose -s - j*s = -45. What are the prime factors of s?
3
Let i(p) = p**2 - 6*p - 10. Suppose 34 = 4*y - 2*j, 4*y - 4*j + 32 = 6*y. What are the prime factors of i(y)?
2, 3, 5
Let w(p) = -p**2 + 10*p + 14. Let s be w(11). Suppose -s*f + 2*a - 14 = -7*f, 5*f - 19 = -4*a. Suppose 0*y + f*y = 21. What are the prime factors of y?
7
Let o(j) = 2*j**2 - 2*j - 1. Let h be o(-1). Suppose -2*s - 11 = -3*s + y, 47 = 5*s - h*y. Let t = s - 3. What are the prime factors of t?
2
Let h = -27 + 199. List the prime factors of h.
2, 43
Suppose -9 = 4*w + 11, 0 = -3*n - 2*w + 2. List the prime factors of (70/n)/5*6.
3, 7
Let a = -3 + 6. Suppose 2 - 61 = -4*z - a*d, -5*z = 5*d - 70. Suppose 2*k + 4*y + 8 = -2*k, -k - 4*y = z. What are the prime factors of k?
3
Suppose -2*m = -0*m - 2*v - 18, -4*m + 3*v = -32. Suppose 3*x = 2*x + 1, 81 = m*n - 4*x. List the prime factors of n.
17
Let t(c) = c**2 - 4. Let u be 6*(3/(-6) - -1). Let w be t(u). Suppose 4*a = 4*h + 32, 5*h + w = a + h. What are the prime factors of a?
3
Suppose 5*y - 1087 = 98. What are the prime factors of y?
3, 79
Let p = -3 - -3. Suppose p = 5*c - 36 - 44. What are the prime factors of c?
2
Let i(p) = 2*p + 3. List the prime factors of i(2).
7
Suppose 5*w = 4*w + 2. Suppose 5*u + w - 217 = 0. List the prime factors of u.
43
Let n = 6 - 8. List the prime factors of 6 + (1 - 4/n).
3
Let l(j) = -j**2 - 7*j + 12. Let a = -20 - -12. What are the prime factors of l(a)?
2
Let u = -6 + 11. Suppose